**3. Calculate the remainder when 64 is divided by q(-2).
12
Let i be 36/(-8)*-2 - -3. Suppose i = 3*k + 3*k. What is the remainder when 3 is divided by k?
1
Let n(h) be the second derivative of h - 1/6*h**3 + 0 + 17/2*h**2. What is the remainder when 116 is divided by n(-13)?
26
Suppose 12*y - 11*y + 3*s = 1406, s + 7110 = 5*y. Calculate the remainder when y is divided by 46.
41
Let g(r) = 7*r + r**3 + 8*r - 4*r + 3 + 10*r**2. Let l = -34 + 26. Calculate the remainder when g(l) is divided by 11.
10
Let o(t) = -3*t**2 - 46*t - 15. Calculate the remainder when o(-14) is divided by 7.
6
Let d(t) = -2*t + 13. Let j be d(5). Suppose -j*r + 33 = -21. Calculate the remainder when 160 is divided by r.
16
Suppose 9*u = 209 + 304. What is the remainder when 226 is divided by u?
55
Let d be 2 + 20/(-11) - (-93)/33. Suppose 0 = 3*t - 0*w + 2*w - 22, -5*t - d*w = -37. What is the remainder when 15 is divided by t?
7
Suppose -2*z + 10 = -0*z. What is the remainder when (71 + 1)*(-4 + z) is divided by 19?
15
Let g(j) = j + 6. Let q be g(-4). Suppose 0*o - 9 = q*v - 5*o, -v - 12 = -4*o. What is the remainder when 25 is divided by v?
1
Suppose 2*h - 8 = s, 4*h + 0*h - 5*s - 10 = 0. Suppose 0 = h*i - 4*i - 43. What is the remainder when i is divided by (-296)/(-20) + 1/5?
13
Let g(a) be the first derivative of -a**2/2 + 17*a - 13. Calculate the remainder when 23 is divided by g(8).
5
Suppose 124 = 7*y + 12. Calculate the remainder when 62*(2 + 0)/4 is divided by ((-11)/(-2))/(8/y).
9
Suppose 7*f = 5*j + 2*f - 230, 4*f - 62 = -2*j. Calculate the remainder when 134 is divided by j.
11
Suppose -917 = -4*m - 3*m. Let g(k) = -5*k + 3. Calculate the remainder when m is divided by g(-6).
32
Suppose -4*t + 0*t + 20 = 0. Calculate the remainder when t is divided by 4*(-2)/3*(-6)/16.
0
Suppose -2*b = b - 30. Suppose -7*r = b - 199. Calculate the remainder when 78 is divided by r.
24
Suppose 0 = -n - g + 44, 3*n - 10*g - 130 = -11*g. Calculate the remainder when n is divided by 7.
1
Let d(o) = 1. Let t(z) = z - 2. Let n(m) = 6*d(m) - t(m). Let g be n(7). Let b = g - -2. What is the remainder when b is divided by 2?
1
Suppose -2*v - a - a = -394, 4*v - 797 = 5*a. Calculate the remainder when v is divided by 40.
38
Suppose -3*b - 83 = -5*y, -99 = -3*y - 2*y - b. Calculate the remainder when 84 is divided by y.
8
Let l = -126 + 131. Suppose 0 = -5*j + l, -2*p - 2*j + 414 = 0. What is the remainder when p is divided by 13?
11
What is the remainder when ((-31)/(-6) - 5) + (-2218)/(-12) is divided by 31?
30
Suppose -u - 47 = -2*u. Suppose -434 = -50*p + 216. Calculate the remainder when u is divided by p.
8
Let c(o) = -o**2 + 6*o - 3. Calculate the remainder when -5*9/((-63)/14) is divided by c(3).
4
Let b(o) = -4*o**2 - 11*o - 20. Let c be b(-6). Let l = c - -127. Calculate the remainder when l is divided by 15.
14
Suppose 528*b = 537*b - 54. Calculate the remainder when (-12)/4 - 2*-15 is divided by b.
3
Let m(v) be the third derivative of v**5/60 + v**4/12 + 13*v**3/6 + 2*v**2 + 9. What is the remainder when m(-13) is divided by 32?
28
Suppose -4*m = -8, 4*z + 159 - 473 = -5*m. Calculate the remainder when z is divided by 6.
4
Suppose 340 = -69*a + 89*a. What is the remainder when 628 is divided by a?
16
Suppose 23*q = 22*q + 56. Calculate the remainder when 164 is divided by q.
52
Let o(w) = -3*w - 9. Let t(d) = -d**2 - 16*d + 13. Let m be t(-17). Let i be o(m). Calculate the remainder when 49 is divided by (78/18)/(1/i).
10
Let r = -5 + 7. What is the remainder when 23 is divided by ((-4)/10)/(r/(-40))?
7
Let c = 291 - 274. What is the remainder when 64 is divided by c?
13
Let i(q) = -q**3 + 5*q**2 + 8*q - 10. Let y be i(6). Calculate the remainder when -3*((-42)/18 - (-1 + y)) is divided by 6.
4
Let h(v) = 5*v**2 + 2*v - 1. Suppose -3*w - 3 = 9. Let x(f) = 2*f + 8. Calculate the remainder when h(w) is divided by x(5).
17
Let t(s) = s**3 - 6*s**2 + s - 4. Let o be t(6). Suppose 0 = o*l - 5*l + 39. What is the remainder when 35 is divided by l?
9
Let a = 192 + -74. Calculate the remainder when a is divided by 64.
54
Let p be (-14)/(-4) + 2/4. Suppose -p*a - 2 = -3*a. Calculate the remainder when 29 is divided by -2*(a - 24/4).
13
Suppose f - 2 = -2. Calculate the remainder when 80 is divided by (f - -42)/(9/6)*1.
24
Suppose 6*k - 452 - 130 = 0. Calculate the remainder when k is divided by 33.
31
Suppose h + h = 0. Suppose -2*t - 10 = 0, 5*t = -5*y - h*y - 400. Calculate the remainder when (-5)/10*(y + -1) is divided by 10.
8
What is the remainder when 232 is divided by 10/(-45) - (-15487)/153?
30
Suppose -3*r + o + 752 = -2, 2*r + 5*o - 514 = 0. What is the remainder when r is divided by 23?
22
Let z = -18 - -24. What is the remainder when 99/z*(-16)/(-6) is divided by (3/1)/((-2)/(-10))?
14
Suppose n - 10*f + 8*f - 73 = 0, -3*n = 2*f - 235. Calculate the remainder when n is divided by 39.
38
Let z(h) = -h**2 - h + 32. What is the remainder when z(0) is divided by (-5)/(-1)*1 + (-15 - -13)?
2
What is the remainder when (-5 - (-402)/24)/(2/8) is divided by 18?
11
Let u(i) = -i**2 + 8*i + 5. Let n be u(7). What is the remainder when 5 is divided by 38/n + 19/(-114)?
2
Let p(n) = -2*n - 1. Let z be p(-4). Let y = 14 - z. Suppose -c - 3*i = -21, 46*i - 68 = -4*c + 50*i. What is the remainder when c is divided by y?
4
Let i(o) = o**2 + 15*o + 16. Let f be 1 - 20 - 4/(-1). Calculate the remainder when 77 is divided by i(f).
13
Let s(g) = 10 + 3*g + 12*g - 3*g - 6*g. What is the remainder when s(7) is divided by 18?
16
Let k = 11 - -4. What is the remainder when k is divided by (9/(-1))/(1 + -2)?
6
Suppose 2*d - 4*d + h + 219 = 0, -96 = -d + 5*h. Calculate the remainder when d is divided by 19.
16
Let i = 16 + -11. Suppose 2*y - 72 = -0*y + i*r, 2*y - r = 72. What is the remainder when y is divided by 13?
10
Let g be ((-3)/2)/((-2)/276). What is the remainder when (-16)/20 + g/15 is divided by 7?
6
Suppose -8*d - 45 = -93. What is the remainder when d is divided by 3?
0
Let s = 62 + -40. Let y(c) = 30*c + 1. Let w be y(-3). Let u = w - -154. What is the remainder when u is divided by s?
21
Let p(x) = -x**2 + 22. Let k(b) = b**2 + 4*b + 3. Let q be k(-3). Calculate the remainder when p(q) is divided by 3/(-4) + (-171)/(-36) + 8.
10
Calculate the remainder when (-9 - -5) + 227 + -2 + 1 is divided by 25.
22
Let n = -56 - -90. Suppose 4*z + 22 = n. What is the remainder when 51 is divided by z?
0
Suppose -l + 3*l + 5*n = 25, -4 = -4*n. Let u be 2/(-4)*(5 - (-8 - 15)). What is the remainder when l is divided by 1/(-2)*(u + 6)?
2
Let y = -302 - -316. Calculate the remainder when 180 is divided by y.
12
Let b = 56 - 26. Suppose 48*d - 36*d = 204. Calculate the remainder when b is divided by d.
13
Suppose -76 = -5*a + 2*b, 5*b - 2*b = 5*a - 74. What is the remainder when 206 is divided by 8/(-2) - (-3 - 1 - a)?
14
Let x(b) = b**2 - 34*b - 35. What is the remainder when x(-6) is divided by 13?
10
Suppose -63 = -2*f + 4*x + 179, -242 = -2*f - x. Calculate the remainder when f is divided by 13.
4
Suppose -2*c = 5*x - 5*c - 113, 3*x - 62 = -4*c. What is the remainder when 84 is divided by x?
18
Let w be 1/1*-3 + 17. Suppose a - w = -3. What is the remainder when 1/(2/38 + 0) is divided by a?
8
Let l(s) = s**3 - 10*s**2 + 11*s - 4. Let j = 13 + -3. Calculate the remainder when l(j) is divided by 27.
25
Let g(w) be the third derivative of w**5/60 - w**4/6 - 2*w**3/3 + 6*w**2. Let y be g(4). Calculate the remainder when ((-5)/y)/((-4)/(-112)) is divided by 9.
8
What is the remainder when 0/(1/1) + 9 is divided by 14 - ((-72)/2)/(-3)?
1
Let y be (-140 - -1) + -14 + 14. Let g = y - -186. What is the remainder when 138 is divided by g?
44
Suppose -4*p = -p - 3*o - 15, -15 = 2*p + 3*o. Suppose -h - 4*f + 24 = p, 4*h - 57 = -h + f. What is the remainder when 47 is divided by h?
11
Let q(v) = -2*v**3 - 4*v**2 - 3*v. Let u be q(-2). Let g = -20 + 32. Let p = g - u. What is the remainder when 22 is divided by p?
4
Let i be (-1)/(-4 + 933/(-468)*-2). Suppose -a + i = 4*x, 2*x + 2*x - 86 = -5*a. What is the remainder when 93 is divided by x?
17
Let q(o) = -o**2 + 16*o - 26. Suppose 0 = -2*h + 20 + 2. Calculate the remainder when q(h) is divided by 15.
14
Suppose 0 = 3*h - 2*q - 95, 4*h = q + 64 + 56